{"id":170,"date":"2019-09-21T10:52:38","date_gmt":"2019-09-21T08:52:38","guid":{"rendered":"http:\/\/localhost:81\/wordpress\/?page_id=170"},"modified":"2022-07-31T14:37:13","modified_gmt":"2022-07-31T12:37:13","slug":"gestimum-gestion-commerciale","status":"publish","type":"page","link":"https:\/\/srtcom.com\/?page_id=170","title":{"rendered":"Gestimum Gestion Commerciale"},"content":{"rendered":"<section id=\"gm3b89686\" class=\"wp-block-gutentor-m5 section-gm3b89686 gutentor-module gutentor-module-slider gutentor-slick-a-default-desktop gutentor-module-caption-enabled\"><div class=\"gutentor-module-slider-row\" data-dots=\"false\" data-dotstablet=\"false\" data-dotsmobile=\"false\" data-nextarrow=\"fas fa-angle-right\" data-prevarrow=\"fas fa-angle-left\" data-arrows=\"true\" data-arrowstablet=\"true\" data-arrowsmobile=\"true\" data-fade=\"false\" data-draggable=\"true\" data-infinite=\"false\" data-autoplay=\"false\" data-pauseonfocus=\"true\" data-pauseonhover=\"true\" data-speed=\"300\" data-autoplayspeed=\"300\" data-arrowspositiondesktop=\"gutentor-slick-a-default-desktop\"><div id=\"col-gm99155a\" class=\"wp-block-gutentor-m5-col col-gm99155a gutentor-slider-item\"><div id=\"section-gm99155a\" class=\"section-gm99155a gutentor-col-wrap has-image-normal has-custom-bg\"><img decoding=\"async\" src=\"https:\/\/srtcom.com\/wp-content\/uploads\/2022\/07\/gestion-1.jpg\" alt=\"\"\/><div class=\"gutentor-slider-caption\"><div class=\"grid-container\"><\/div><\/div><\/div><\/div><\/div><\/section><div id=\"section-08155e04-8e50-46bc-b8a9-22bfd052f4ff\" class=\"wp-block-gutentor-content-box gutentor-section gutentor-content-box-wrapper content-template1\"><div class=\"grid-container gutentor-rm-ct-space\"><div class=\"grid-row gutentor-grid-item-wrap gutentor-rm-row-space\"><div class=\"gutentor-grid-column grid-lg-12 grid-md-12 grid-12 gutentor-rm-col-space-d\"><div class=\"gutentor-single-item gutentor-single-item-0\"><div class=\"gutentor-single-item-wrap\"><div class=\"gutentor-single-item-content\"><h3 class=\"gutentor-single-item-title\">Gestimum Gestion Commerciale :<\/h3><p class=\"gutentor-single-item-desc\">La gestion de vos processus de cr\u00e9ation de valeur. Enrichissez votre base de prospection, d\u00e9ployez vos actions commerciales, suivez vos devis, convertissez vos prospects en clients. Optimisez vos stocks, d\u00e9p\u00f4ts, livraisons, organisez vos articles, vos grilles de tarifs, vos abonnements.<br>Pilotez vos achats, vos fournisseurs et partagez l\u2019information en temps r\u00e9el en interne comme en externe.\u00a0Quand d\u00e9velopper son activit\u00e9 devient plaisir au quotidien pour chacun des acteurs de la performance op\u00e9rationnelle de votre entreprise.<br>L\u2019outil pour les PME qui souhaitent ma\u00eetriser leur processus de vente<br>Vous souhaitez\u00a0:<br><strong>Administrer\u00a0vos stocks<\/strong>, vos d\u00e9p\u00f4ts multiples et vos transferts, choisissez parmi 6 m\u00e9thodes de valorisation<br>Identi\ufb01er\u00a0vos articles par un\u00a0<strong>num\u00e9ro de s\u00e9rie<\/strong>\u00a0ou de lot, ma\u00eetrisez vos dates de p\u00e9remption (<strong>tra\u00e7abilit\u00e9<\/strong>)<br>Structurez vos gammes en\u00a0<strong>nomenclatures<\/strong>\u00a0multi-niveaux<br>Organiser\u00a0les conditionnements multiples de vos produits<br>Facturer au volume, au d\u00e9bit ou au poids<br>G\u00e9n\u00e9rer\u00a0automatiquement vos commandes fournisseurs \u00e0 partir des commandes clients par la contremarque<br>Personnaliser\u00a0vos tableaux de bord dynamiquement pour analyser, contr\u00f4ler et d\u00e9cider<br>Communiquer\u00a0vos documents commerciaux en toute simplicit\u00e9 (courriel,\u00a0EDI, PDF, XML, \u2026)<br>G\u00e9rer\u00a0vos taxes compl\u00e9mentaires (alcools, \u00e9cotaxe DEEE,\u2026)<br>\u00c9tablir\u00a0une tarification \u00e9labor\u00e9e\u00a0: grilles, promotions, remises\u2026<br>Synchroniser votre gestion commerciale avec votre\u00a0site marchand<br><br>Avec Gestimum Gestion Commerciale, c\u2019est la garantie :<br>Du suivi de la totalit\u00e9 du cycle commercial\u00a0: prospection \u2013 vente \u2013 achat \u2013 stock<br>De l\u2019enrichissement de votre relation client<br>De la gestion rigoureuse de vos stocks que vos articles soient s\u00e9rialis\u00e9s, lott\u00e9s, gamm\u00e9s ou nomenclatur\u00e9s.<br>De l\u2019<strong>optimisation de vos achats<\/strong><br>Nos atouts<br>Gestimum Gestion commerciale, une solution\u00a0:<br><strong>\u00c9volutive\u00a0:\u00a0<\/strong>De 5 \u00e0 plus de 300 postes<br><strong>P\u00e9renne\u00a0:<\/strong>\u00a0\u00a0Existe depuis 1998, a une base install\u00e9e de pr\u00e8s de 10 000 utilisateurs, est commercialis\u00e9e par 150 Centres de Solutions Certifi\u00e9s dans toute la France, la Belgique et l\u2019Afrique francophone.<br><strong>Puissante\u00a0:<\/strong>\u00a0Nativement sur une base de donn\u00e9es MS-SQL Server, Gestimum ERP g\u00e8re des flux d\u2019informations tr\u00e8s importants en toute s\u00e9curit\u00e9 et des bases de donn\u00e9es quasi-illimit\u00e9es<br><strong>Int\u00e9gr\u00e9e\u00a0:<\/strong>\u00a0Une seule base de donn\u00e9es (= une seule saisie), une interface commune entre la Gestion Comptable, la Gestion Commerciale et la Relation clients.<br><strong>Ouverte\u00a0:\u00a0<\/strong>\u00a0S\u2019int\u00e8gre naturellement dans votre existant informatique, et communique simplement avec vos partenaires (y compris sites marchands)<br><\/p><\/div><\/div><\/div><\/div><\/div><\/div><\/div><section id=\"section-81e9abdd-440f-49cc-b356-16f3c822bd70\" class=\"wp-block-gutentor-advanced-columns gutentor-section gutentor-advanced-columns has-color-bg has-custom-bg\"><div class=\"grid-container\"><div class=\"grid-row\"><div id=\"section-14ccbe13-05e4-4301-a30a-e2b362e8a9af\" class=\"wp-block-gutentor-single-column gutentor-single-column  grid-lg-12 grid-md-12 grid-12\"><section id=\"section-e4c08937-8f7d-4daa-94c4-93b1bce8abb3\" class=\"wp-block-gutentor-advanced-columns gutentor-section gutentor-advanced-columns\"><div class=\"grid-container\"><div class=\"grid-row\"><section id=\"section-4538e485-32b7-4334-bbd2-ddc703dedfff\" class=\"wp-block-gutentor-single-column gutentor-single-column  grid-lg-12 grid-md-12 grid-12\"><figure class=\"wp-block-embed is-type-video is-provider-youtube wp-block-embed-youtube wp-embed-aspect-16-9 wp-has-aspect-ratio\"><div class=\"wp-block-embed__wrapper\">\n<div class=\"epyt-video-wrapper\"><div  style=\"display: block; margin: 0px auto;\"  id=\"_ytid_83273\"  width=\"1170\" height=\"658\"  data-origwidth=\"1170\" data-origheight=\"658\" data-facadesrc=\"https:\/\/www.youtube.com\/embed\/i7LfrVmDwTI?enablejsapi=1&#038;autoplay=0&#038;cc_load_policy=0&#038;cc_lang_pref=&#038;iv_load_policy=1&#038;loop=0&#038;modestbranding=1&#038;rel=1&#038;fs=1&#038;playsinline=0&#038;autohide=2&#038;theme=dark&#038;color=red&#038;controls=1&#038;\" class=\"__youtube_prefs__ epyt-facade epyt-is-override  no-lazyload\" data-epautoplay=\"1\" ><img decoding=\"async\" data-spai-excluded=\"true\" class=\"epyt-facade-poster skip-lazy\" loading=\"lazy\"  alt=\"YouTube player\"  src=\"https:\/\/i.ytimg.com\/vi\/i7LfrVmDwTI\/maxresdefault.jpg\"  \/><button class=\"epyt-facade-play\" aria-label=\"Play\"><svg data-no-lazy=\"1\" height=\"100%\" version=\"1.1\" viewBox=\"0 0 68 48\" width=\"100%\"><path class=\"ytp-large-play-button-bg\" d=\"M66.52,7.74c-0.78-2.93-2.49-5.41-5.42-6.19C55.79,.13,34,0,34,0S12.21,.13,6.9,1.55 C3.97,2.33,2.27,4.81,1.48,7.74C0.06,13.05,0,24,0,24s0.06,10.95,1.48,16.26c0.78,2.93,2.49,5.41,5.42,6.19 C12.21,47.87,34,48,34,48s21.79-0.13,27.1-1.55c2.93-0.78,4.64-3.26,5.42-6.19C67.94,34.95,68,24,68,24S67.94,13.05,66.52,7.74z\" fill=\"#f00\"><\/path><path d=\"M 45,24 27,14 27,34\" fill=\"#fff\"><\/path><\/svg><\/button><\/div><\/div>\n<\/div><\/figure><\/section><\/div><\/div><\/section>\n\n<figure class=\"wp-block-video\"><\/figure><\/div><\/div><\/div><\/section>","protected":false},"excerpt":{"rendered":"","protected":false},"author":1,"featured_media":0,"parent":0,"menu_order":0,"comment_status":"closed","ping_status":"closed","template":"template-gutentor-full-width.php","meta":{"footnotes":""},"class_list":["post-170","page","type-page","status-publish","hentry"],"jetpack_sharing_enabled":true,"_links":{"self":[{"href":"https:\/\/srtcom.com\/index.php?rest_route=\/wp\/v2\/pages\/170","targetHints":{"allow":["GET"]}}],"collection":[{"href":"https:\/\/srtcom.com\/index.php?rest_route=\/wp\/v2\/pages"}],"about":[{"href":"https:\/\/srtcom.com\/index.php?rest_route=\/wp\/v2\/types\/page"}],"author":[{"embeddable":true,"href":"https:\/\/srtcom.com\/index.php?rest_route=\/wp\/v2\/users\/1"}],"replies":[{"embeddable":true,"href":"https:\/\/srtcom.com\/index.php?rest_route=%2Fwp%2Fv2%2Fcomments&post=170"}],"version-history":[{"count":17,"href":"https:\/\/srtcom.com\/index.php?rest_route=\/wp\/v2\/pages\/170\/revisions"}],"predecessor-version":[{"id":1908,"href":"https:\/\/srtcom.com\/index.php?rest_route=\/wp\/v2\/pages\/170\/revisions\/1908"}],"wp:attachment":[{"href":"https:\/\/srtcom.com\/index.php?rest_route=%2Fwp%2Fv2%2Fmedia&parent=170"}],"curies":[{"name":"wp","href":"https:\/\/api.w.org\/{rel}","templated":true}]}}