{"id":176,"date":"2019-09-21T13:14:07","date_gmt":"2019-09-21T11:14:07","guid":{"rendered":"http:\/\/localhost:81\/wordpress\/?page_id=176"},"modified":"2022-07-31T09:51:36","modified_gmt":"2022-07-31T07:51:36","slug":"logiciel-de-gestion-gestimum-erp","status":"publish","type":"page","link":"https:\/\/srtcom.com\/?page_id=176","title":{"rendered":"Logiciel de gestion Gestimum ERP"},"content":{"rendered":"<section id=\"section-41907b5d-c8f5-45bb-ba6a-3ca5a67a4d27\" class=\"wp-block-gutentor-image-slider gutentor-section gutentor-image-slider imageSlider-template1\"><div class=\"gutentor-grid-item-wrap\"><div class=\"gutentor-slider-wrapper\" data-dots=\"false\" data-arrows=\"true\" data-infinite=\"false\" data-nextarrow=\"fas fa-angle-right\" data-prevarrow=\"fas fa-angle-left\" data-autoplay=\"true\" data-autoplayspeed=\"10000\" data-fade=\"false\" data-speed=\"300\"><div class=\"gutentor-slider-item\"><div class=\"gutentor-single-item gutentor-single-item-0\"><div class=\"gutentor-single-item-wrap\"><div class=\"gutentor-single-item-image-box\"><div class=\"gutentor-bg-image\"><\/div><\/div><div class=\"gutentor-single-item-content\"><div class=\"grid-container\"><div class=\"slider-caption text-left\"><\/div><\/div><\/div><\/div><\/div><\/div><div class=\"gutentor-slider-item\"><div class=\"gutentor-single-item gutentor-single-item-1\"><div class=\"gutentor-single-item-wrap\"><div class=\"gutentor-single-item-image-box\"><div class=\"gutentor-bg-image\"><\/div><\/div><div class=\"gutentor-single-item-content\"><div class=\"grid-container\"><div class=\"slider-caption text-left\"><\/div><\/div><\/div><\/div><\/div><\/div><\/div><\/div><\/section><section id=\"gmf28d64b\" class=\"wp-block-gutentor-m5 section-gmf28d64b gutentor-module gutentor-module-slider gutentor-slick-a-default-desktop gutentor-module-caption-enabled\"><div class=\"gutentor-module-slider-row\" data-dots=\"false\" data-dotstablet=\"false\" data-dotsmobile=\"false\" data-nextarrow=\"fas fa-angle-right\" data-prevarrow=\"fas fa-angle-left\" data-arrows=\"true\" data-arrowstablet=\"true\" data-arrowsmobile=\"true\" data-fade=\"false\" data-draggable=\"true\" data-infinite=\"false\" data-autoplay=\"false\" data-pauseonfocus=\"true\" data-pauseonhover=\"true\" data-speed=\"300\" data-autoplayspeed=\"300\" data-arrowspositiondesktop=\"gutentor-slick-a-default-desktop\"><\/div><\/section><div id=\"section-91285e7b-6732-47be-a7cc-bf15831e7465\" class=\"wp-block-gutentor-content-box gutentor-section gutentor-content-box-wrapper content-template1\"><div class=\"grid-container gutentor-rm-ct-space\"><div class=\"grid-row gutentor-grid-item-wrap gutentor-rm-row-space\"><div class=\"gutentor-grid-column grid-lg-12 grid-md-12 grid-12 gutentor-rm-col-space-d\"><div class=\"gutentor-single-item gutentor-single-item-0\"><div class=\"gutentor-single-item-wrap\"><div class=\"gutentor-single-item-content\"><h3 class=\"gutentor-single-item-title\"><strong>Logiciel de gestion Gestimum ERP :<\/strong><\/h3><p class=\"gutentor-single-item-desc\">Gestimum ERP, le premier choix des PME qui cherchent\u00a0:<br> <strong>&#8211; la performance op\u00e9rationnelle<br> &#8211; la ma\u00eetrise de leurs co\u00fbts d\u2019exploitation<br> &#8211; et le plaisir de travailler au quotidien avec un outil moderne<\/strong><br>Gestimum ERP est unique. Ni bo\u00eete \u00e0 outil, ni atelier de d\u00e9veloppement, ni logiciel \u00ab\u00a0en bo\u00eete\u00a0\u00bb, Gestimum ERP est un produit logiciel\u00a0convivial\u00a0ultra-param\u00e9trable. Le travail quotidien de nos ing\u00e9nieurs-ergonomes est de relever tous les jours ce d\u00e9fi d\u2019un logiciel d\u2019une\u00a0 richesse fonctionnelle in\u00e9gal\u00e9e,\u00a0personnalisable\u00a0\u00e0 l\u2019infini et rapide \u00e0 prendre en main.<br>Ils se concentrent pour cela sur le design d\u2019une interface belle et intuitive, m\u00eame lorsqu\u2019il s\u2019agit d\u2019acc\u00e8der \u00e0 des fonctionnalit\u00e9s complexes. C\u2019est ce qui fait de Gestimum ERP le<mark style=\"background-color:rgba(0, 0, 0, 0)\" class=\"has-inline-color has-vivid-cyan-blue-color\">\u00a0<strong>logiciel de r\u00e9f\u00e9rence des PME<\/strong><\/mark>\u00a0ind\u00e9pendantes, de\u00a0<strong><mark style=\"background-color:rgba(0, 0, 0, 0)\" class=\"has-inline-color has-vivid-cyan-blue-color\">10 \u00e0 250 salari\u00e9s.<\/mark><\/strong><\/p><\/div><\/div><\/div><\/div><\/div><\/div><\/div><p>  <\/p><div id=\"section-c7926b48-9694-4761-bc9e-119d35910eb9\" class=\"wp-block-gutentor-content-box gutentor-section gutentor-content-box-wrapper content-template1\"><div class=\"grid-container gutentor-rm-ct-space\"><div class=\"grid-row gutentor-grid-item-wrap gutentor-rm-row-space\"><div class=\"gutentor-grid-column grid-lg-12 grid-md-12 grid-12 gutentor-rm-col-space-d\"><div class=\"gutentor-single-item gutentor-single-item-0\"><div class=\"gutentor-single-item-wrap\"><div class=\"gutentor-single-item-content\"><h3 class=\"gutentor-single-item-title\">Y-a -t-il des inconv\u00e9nients \u00e0 utiliser Gestimum ERP\u00a0?<\/h3><p class=\"gutentor-single-item-desc\">Le risque, c\u2019est de ne plus pouvoir s\u2019en passer. Tellement facile \u00e0 prendre en main, et agr\u00e9able \u00e0 manipuler qu\u2019il est difficile ensuite de le quitter. C\u2019est pourquoi chez Gestimum, nous n\u2019avons pas besoin d\u2019imposer \u00e0 nos clients le mode locatif pour les fid\u00e9liser. D\u2019autant que nos tarifs sont doux, et nos services de haute qualit\u00e9. R\u00e9sultat : bien que laiss\u00e9e au libre choix de la PME, la maintenance est renouvel\u00e9e par 96 % de nos clients (hors fermeture et rachat d\u2019entreprises).<\/p><\/div><\/div><\/div><\/div><\/div><\/div><\/div><div id=\"section-37ab11d0-bd0a-438b-b371-e8850d1c7a79\" class=\"wp-block-gutentor-content-box gutentor-section gutentor-content-box-wrapper content-template1\"><div class=\"grid-container gutentor-rm-ct-space\"><div class=\"grid-row gutentor-grid-item-wrap gutentor-rm-row-space\"><div class=\"gutentor-grid-column grid-lg-12 grid-md-12 grid-12 gutentor-rm-col-space-d\"><div class=\"gutentor-single-item gutentor-single-item-0\"><div class=\"gutentor-single-item-wrap\"><div class=\"gutentor-single-item-content\"><h3 class=\"gutentor-single-item-title\">\u00c9l\u00e9ment central de Gestimum ERP\u00a0: sa base de donn\u00e9es Microsoft SQL Server<sup>\u00ae<\/sup><\/h3><p class=\"gutentor-single-item-desc\">Gestimum a fait le choix de fonctionner autour d\u2019une base de donn\u00e9es Microsoft SQL Server<sup>\u00ae<\/sup>.\u00a0<br>Tr\u00e8s robuste, puissante, cette base de donn\u00e9e est particuli\u00e8rement bien adapt\u00e9e aux PME\u00a0:<br> <strong>&#8211; Rapide, et s\u00fbre, elle g\u00e8re des\u00a0<em><mark style=\"background-color:rgba(0, 0, 0, 0)\" class=\"has-inline-color has-vivid-cyan-blue-color\">flux d\u2019information tr\u00e8s important<\/mark><\/em>\u00a0et des bases quasi-illimit\u00e9es.<br> &#8211; Sa gestion est une des plus accessibles du march\u00e9, les comp\u00e9tences sont r\u00e9pandues chez de nombreux int\u00e9grateurs, \u00e0 des co\u00fbts accessibles aux PME.<br> &#8211; Pour les petites bases, \u00e0 faibles nombres d\u2019utilisateurs, elle est gratuite en version Express. De plus, pour les volumes importants.   <\/strong> <strong>       <\/strong><br><strong> &#8211; Gestimum a n\u00e9goci\u00e9 pour ses clients PME des tarifs ultra-comp\u00e9titifs sur la version Standard.   <br> &#8211; Totalement ouverte et d\u2019un acc\u00e8s facile, elle permet des extractions de donn\u00e9es en temps r\u00e9el sur les outils bureautiques de la suite Office, Excel notamment, pour des traitements personnalis\u00e9s sur des tableaux crois\u00e9s dynamiques par exemple.<\/strong><\/p><\/div><\/div><\/div><\/div><\/div><\/div><\/div><div id=\"section-16a301e9-2c20-42ab-ba25-1e5014b5308e\" class=\"wp-block-gutentor-content-box gutentor-section gutentor-content-box-wrapper content-template1\"><div class=\"grid-container gutentor-rm-ct-space\"><div class=\"grid-row gutentor-grid-item-wrap gutentor-rm-row-space\"><div class=\"gutentor-grid-column grid-lg-12 grid-md-12 grid-12 gutentor-rm-col-space-d\"><div class=\"gutentor-single-item gutentor-single-item-0\"><div class=\"gutentor-single-item-wrap\"><div class=\"gutentor-single-item-content\"><h3 class=\"gutentor-single-item-title\">P\u00e9rennit\u00e9\u00a0: Gestimum ERP, l\u2019investissement durable<\/h3><p class=\"gutentor-single-item-desc\">Cr\u00e9\u00e9 en 1998, Gestimum ERP est le fruit de 15 ann\u00e9es de R&amp;D.\u00a0<br><mark style=\"background-color:rgba(0, 0, 0, 0)\" class=\"has-inline-color has-luminous-vivid-orange-color\">Avec GESTIMUM, vous \u00eates et restez libres\u00a0!<\/mark><br>Gestimum ERP est vendu en licences \u00e0 dur\u00e9e d\u2019utilisation illimit\u00e9e. Ainsi toute PME propri\u00e9taire de licences Gestimum ERP est assur\u00e9e de pouvoir les utiliser, quand bien m\u00eame elle ne souhaiterait plus renouveler son contrat de maintenance logiciel.<br><mark style=\"background-color:rgba(0, 0, 0, 0)\" class=\"has-inline-color has-luminous-vivid-orange-color\">Vos donn\u00e9es vous appartiennent\u00a0!<\/mark><br>Les donn\u00e9es structur\u00e9es repr\u00e9sentent un capital tr\u00e8s important pour une PME. Parfois m\u00eame, l\u2019essentiel du capital. Capital qu\u2019il convient donc de prot\u00e9ger, et dont il faut s\u2019assurer en permanence que la PME en reste bien propri\u00e9taire.<br>C\u2019est pourquoi Gestimum ERP est organis\u00e9 autour d\u2019une base ouverte Microsoft SQL Server, dont l\u2019acc\u00e8s est ind\u00e9pendant du logiciel. Gestimum met \u00e0 disposition de tous ses clients le sch\u00e9ma de sa base de donn\u00e9es, si bien que toute PME utilisatrice peut \u00e0 loisir exporter ses donn\u00e9es, sous le format qu\u2019elle souhaite.<br>Toute migration ult\u00e9rieure vers un autre ERP du march\u00e9 reste ainsi possible \u00e0 tout moment, parce que chez Gestimum, nous pr\u00e9f\u00e9rons que vous choisissiez librement de nous rester fid\u00e8le\u00a0!<\/p><\/div><\/div><\/div><\/div><\/div><\/div><\/div><section id=\"section-f485ae17-6f39-490d-a318-ebd79d7eb966\" class=\"wp-block-gutentor-advanced-columns gutentor-section gutentor-advanced-columns has-color-bg has-custom-bg\"><div class=\"grid-container\"><div class=\"grid-row\"><section id=\"section-c31ede98-cba3-4918-906a-11b536d2e31e\" class=\"wp-block-gutentor-single-column gutentor-single-column  grid-lg-12 grid-md-12 grid-12\"><figure class=\"wp-block-video\"><\/figure><\/section><\/div><\/div><\/section>","protected":false},"excerpt":{"rendered":"","protected":false},"author":1,"featured_media":0,"parent":0,"menu_order":0,"comment_status":"closed","ping_status":"closed","template":"template-gutentor-full-width.php","meta":{"footnotes":""},"class_list":["post-176","page","type-page","status-publish","hentry"],"jetpack_sharing_enabled":true,"_links":{"self":[{"href":"https:\/\/srtcom.com\/index.php?rest_route=\/wp\/v2\/pages\/176","targetHints":{"allow":["GET"]}}],"collection":[{"href":"https:\/\/srtcom.com\/index.php?rest_route=\/wp\/v2\/pages"}],"about":[{"href":"https:\/\/srtcom.com\/index.php?rest_route=\/wp\/v2\/types\/page"}],"author":[{"embeddable":true,"href":"https:\/\/srtcom.com\/index.php?rest_route=\/wp\/v2\/users\/1"}],"replies":[{"embeddable":true,"href":"https:\/\/srtcom.com\/index.php?rest_route=%2Fwp%2Fv2%2Fcomments&post=176"}],"version-history":[{"count":31,"href":"https:\/\/srtcom.com\/index.php?rest_route=\/wp\/v2\/pages\/176\/revisions"}],"predecessor-version":[{"id":1819,"href":"https:\/\/srtcom.com\/index.php?rest_route=\/wp\/v2\/pages\/176\/revisions\/1819"}],"wp:attachment":[{"href":"https:\/\/srtcom.com\/index.php?rest_route=%2Fwp%2Fv2%2Fmedia&parent=176"}],"curies":[{"name":"wp","href":"https:\/\/api.w.org\/{rel}","templated":true}]}}