{"id":184,"date":"2019-09-21T13:34:54","date_gmt":"2019-09-21T11:34:54","guid":{"rendered":"http:\/\/localhost:81\/wordpress\/?page_id=184"},"modified":"2022-07-31T14:35:26","modified_gmt":"2022-07-31T12:35:26","slug":"les-10-points-forts","status":"publish","type":"page","link":"https:\/\/srtcom.com\/?page_id=184","title":{"rendered":"Les 10 points forts"},"content":{"rendered":"<section id=\"gmfaa9ca8\" class=\"wp-block-gutentor-m5 section-gmfaa9ca8 gutentor-module gutentor-module-slider gutentor-slick-a-default-desktop gutentor-module-caption-enabled\"><div class=\"gutentor-module-slider-row\" data-dots=\"false\" data-dotstablet=\"false\" data-dotsmobile=\"false\" data-nextarrow=\"fas fa-angle-right\" data-prevarrow=\"fas fa-angle-left\" data-arrows=\"true\" data-arrowstablet=\"true\" data-arrowsmobile=\"true\" data-fade=\"false\" data-draggable=\"true\" data-infinite=\"false\" data-autoplay=\"false\" data-pauseonfocus=\"true\" data-pauseonhover=\"true\" data-speed=\"300\" data-autoplayspeed=\"300\" data-arrowspositiondesktop=\"gutentor-slick-a-default-desktop\"><div id=\"col-gm94a3a3\" class=\"wp-block-gutentor-m5-col col-gm94a3a3 gutentor-slider-item\"><div id=\"section-gm94a3a3\" class=\"section-gm94a3a3 gutentor-col-wrap has-image-normal has-custom-bg\"><img decoding=\"async\" src=\"https:\/\/srtcom.com\/wp-content\/uploads\/2022\/07\/gest-1-1.jpg\" alt=\"\"\/><div class=\"gutentor-slider-caption\"><div class=\"grid-container\"><\/div><\/div><\/div><\/div><\/div><\/section><div id=\"section-c9228306-295c-418a-a26c-efe91ec3b843\" class=\"wp-block-gutentor-content-box gutentor-section gutentor-content-box-wrapper content-template1\"><div class=\"grid-container gutentor-rm-ct-space\"><div class=\"grid-row gutentor-grid-item-wrap gutentor-rm-row-space\"><div class=\"gutentor-grid-column grid-lg-12 grid-md-12 grid-12 gutentor-rm-col-space-d\"><div class=\"gutentor-single-item gutentor-single-item-0\"><div class=\"gutentor-single-item-wrap\"><div class=\"gutentor-single-item-content\"><h3 class=\"gutentor-single-item-title\">Les 10 points forts :<\/h3><p class=\"gutentor-single-item-desc\">GESTIMUM est une solution de gestion puissante, ouverte et int\u00e9gr\u00e9e, fonctionnant avec une base de donn\u00e9e unique sous Microsoft SQL Server, en mode client server.<br><br>\u00a0\u00a0&#8211; Une richesse fonctionnelle in\u00e9gal\u00e9e pour une ma\u00eetrise totale de votre activit\u00e9 commerciale et de votre comptabilit\u00e9<br>\u00a0\u00a0\u00a0\u00a0\u00a0\u00a0\u00a0 -Tarification \u00e9labor\u00e9e : grilles, promotions, remises sur quantit\u00e9<br>\u00a0\u00a0\u00a0\u00a0\u00a0\u00a0\u00a0 -Structure de gammes de produit sans limite de nombre, jusqu&rsquo;\u00e0 neuf niveau : taille, couleur &#8230;<br>\u00a0\u00a0\u00a0\u00a0\u00a0\u00a0\u00a0 -Gestion rigoureuse des stocks. 6 m\u00e9thodes possibles de valorisation des stocks : non valoris\u00e9, PMP, PMA, DPA, FIFO, LIFO &#8230;<br>\u00a0\u00a0\u00a0\u00a0\u00a0\u00a0\u00a0 -Affichage ergonomique des journaux avec le Centralisateur<br>\u00a0\u00a0 &#8211; Analyse pr\u00e9cise des rapprochements bancaires avec tra\u00e7abilit\u00e9, historique, \u00e9dition de rapports par relev\u00e9s ou par p\u00e9riodes &#8230;<br>\u00a0\u00a0 &#8211; Une int\u00e9gration \u00e9troite pour plus d&rsquo;efficacit\u00e9 et de puissance<br>\u00a0\u00a0\u00a0\u00a0\u00a0\u00a0 &#8211; Saisie en une seule fois des informations qui deviennent disponibles en temps r\u00e9el en gestion commerciale et en comptabilit\u00e9<br>\u00a0\u00a0\u00a0\u00a0\u00a0\u00a0 -Traitement identique des \u00e9ch\u00e9ances, paiements et r\u00e8glements dans les deux applications<br>\u00a0\u00a0\u00a0\u00a0\u00a0\u00a0 &#8211; Utilisation dynamique d&rsquo;un grand nombre de devises (cours, historique)<br>\u00a0\u00a0\u00a0\u00a0\u00a0\u00a0 &#8211; Import et export de donn\u00e9es dans les formats majeurs du march\u00e9<br>\u00a0\u00a0 &#8211; Travail individuel ou en groupe gr\u00e2ce au mode Client\/Server et \u00e0 la base Microsoft\u00ae SQL Server\u2122<\/p><\/div><\/div><\/div><\/div><\/div><\/div><\/div>","protected":false},"excerpt":{"rendered":"","protected":false},"author":1,"featured_media":0,"parent":0,"menu_order":0,"comment_status":"closed","ping_status":"closed","template":"template-gutentor-full-width.php","meta":{"footnotes":""},"class_list":["post-184","page","type-page","status-publish","hentry"],"jetpack_sharing_enabled":true,"_links":{"self":[{"href":"https:\/\/srtcom.com\/index.php?rest_route=\/wp\/v2\/pages\/184","targetHints":{"allow":["GET"]}}],"collection":[{"href":"https:\/\/srtcom.com\/index.php?rest_route=\/wp\/v2\/pages"}],"about":[{"href":"https:\/\/srtcom.com\/index.php?rest_route=\/wp\/v2\/types\/page"}],"author":[{"embeddable":true,"href":"https:\/\/srtcom.com\/index.php?rest_route=\/wp\/v2\/users\/1"}],"replies":[{"embeddable":true,"href":"https:\/\/srtcom.com\/index.php?rest_route=%2Fwp%2Fv2%2Fcomments&post=184"}],"version-history":[{"count":10,"href":"https:\/\/srtcom.com\/index.php?rest_route=\/wp\/v2\/pages\/184\/revisions"}],"predecessor-version":[{"id":1906,"href":"https:\/\/srtcom.com\/index.php?rest_route=\/wp\/v2\/pages\/184\/revisions\/1906"}],"wp:attachment":[{"href":"https:\/\/srtcom.com\/index.php?rest_route=%2Fwp%2Fv2%2Fmedia&parent=184"}],"curies":[{"name":"wp","href":"https:\/\/api.w.org\/{rel}","templated":true}]}}