{"id":457,"date":"2021-10-24T09:42:29","date_gmt":"2021-10-24T07:42:29","guid":{"rendered":"https:\/\/srtcom.com\/?page_id=457"},"modified":"2024-01-07T09:50:14","modified_gmt":"2024-01-07T08:50:14","slug":"site-web-entreprise","status":"publish","type":"page","link":"https:\/\/srtcom.com\/?page_id=457","title":{"rendered":"Plans entreprise"},"content":{"rendered":"<section id=\"gm43fddca\" class=\"wp-block-gutentor-m5 section-gm43fddca gutentor-module gutentor-module-slider gutentor-slick-a-default-desktop gutentor-module-caption-enabled\"><div class=\"gutentor-module-slider-row\" data-dots=\"false\" data-dotstablet=\"false\" data-dotsmobile=\"false\" data-nextarrow=\"fas fa-angle-right\" data-prevarrow=\"fas fa-angle-left\" data-arrows=\"true\" data-arrowstablet=\"true\" data-arrowsmobile=\"true\" data-fade=\"false\" data-draggable=\"true\" data-infinite=\"false\" data-autoplay=\"false\" data-pauseonfocus=\"true\" data-pauseonhover=\"true\" data-speed=\"300\" data-autoplayspeed=\"300\" data-arrowspositiondesktop=\"gutentor-slick-a-default-desktop\"><div id=\"col-gmfe2f7d\" class=\"wp-block-gutentor-m5-col col-gmfe2f7d gutentor-slider-item\"><div id=\"section-gmfe2f7d\" class=\"section-gmfe2f7d gutentor-col-wrap has-image-normal has-custom-bg\"><img decoding=\"async\" src=\"https:\/\/srtcom.com\/wp-content\/uploads\/2022\/07\/gestion-copie.jpg\" alt=\"\"\/><div class=\"gutentor-slider-caption\"><div class=\"grid-container\"><\/div><\/div><\/div><\/div><\/div><\/section><section id=\"section-8441b8f4-d6c0-451b-95cc-821d618b8365\" class=\"wp-block-gutentor-image-box gutentor-section gutentor-image-wrapper imagebox-template1 has-color-bg has-custom-bg\"><div class=\"grid-container\"><div class=\"grid-row gutentor-grid-item-wrap\"><div class=\"gutentor-grid-column grid-lg-4 grid-md-2m3 grid-6\"><div class=\"gutentor-single-item gutentor-image gutentor-single-item-0\"><div class=\"gutentor-single-item-wrap\"><div class=\"gutentor-single-item-image-box\"><div class=\"gutentor-image-thumb\"><img decoding=\"async\" class=\"normal-image\" src=\"https:\/\/srtcom.com\/wp-content\/uploads\/2022\/11\/Domainlogo-1.png\" alt=\"\" height=\"140\" width=\"320\"\/><\/div><\/div><div class=\"gutentor-single-item-content\"><p class=\"gutentor-single-item-desc\">Nom de domaine\u00a0<strong>OFFERT<\/strong><\/p><\/div><\/div><\/div><\/div><div class=\"gutentor-grid-column grid-lg-4 grid-md-2m3 grid-6\"><div class=\"gutentor-single-item gutentor-image gutentor-single-item-1\"><div class=\"gutentor-single-item-wrap\"><div class=\"gutentor-single-item-image-box\"><div class=\"gutentor-image-thumb\"><img decoding=\"async\" class=\"normal-image\" src=\"https:\/\/srtcom.com\/wp-content\/uploads\/2022\/11\/cpanel-logo-1.png\" alt=\"\" height=\"140\" width=\"320\"\/><\/div><\/div><div class=\"gutentor-single-item-content\"><p class=\"gutentor-single-item-desc\">Administration\u00a0<strong>Cpanel<\/strong><\/p><\/div><\/div><\/div><\/div><div class=\"gutentor-grid-column grid-lg-4 grid-md-2m3 grid-6\"><div class=\"gutentor-single-item gutentor-image gutentor-single-item-2\"><div class=\"gutentor-single-item-wrap\"><div class=\"gutentor-single-item-image-box\"><div class=\"gutentor-image-thumb\"><img decoding=\"async\" class=\"normal-image\" src=\"https:\/\/srtcom.com\/wp-content\/uploads\/2022\/11\/ftp-logo.png\" alt=\"\" height=\"140\" width=\"320\"\/><\/div><\/div><div class=\"gutentor-single-item-content\"><p class=\"gutentor-single-item-desc\">Outils\u00a0<strong>File manager<\/strong> et <strong>FTP<\/strong><\/p><\/div><\/div><\/div><\/div><div class=\"gutentor-grid-column grid-lg-4 grid-md-2m3 grid-6\"><div class=\"gutentor-single-item gutentor-image gutentor-single-item-3\"><div class=\"gutentor-single-item-wrap\"><div class=\"gutentor-single-item-image-box\"><div class=\"gutentor-image-thumb\"><img loading=\"lazy\" decoding=\"async\" class=\"normal-image\" src=\"https:\/\/srtcom.com\/wp-content\/uploads\/2022\/11\/databaselogo.png\" alt=\"\" height=\"140\" width=\"320\"\/><\/div><\/div><div class=\"gutentor-single-item-content\"><p class=\"gutentor-single-item-desc\">Bases de donn\u00e9es\u00a0<strong>illimit\u00e9es<\/strong><\/p><\/div><\/div><\/div><\/div><div class=\"gutentor-grid-column grid-lg-4 grid-md-2m3 grid-6\"><div class=\"gutentor-single-item gutentor-image gutentor-single-item-4\"><div class=\"gutentor-single-item-wrap\"><div class=\"gutentor-single-item-image-box\"><div class=\"gutentor-image-thumb\"><img loading=\"lazy\" decoding=\"async\" class=\"normal-image\" src=\"https:\/\/srtcom.com\/wp-content\/uploads\/2022\/11\/traffic.png\" alt=\"\" height=\"140\" width=\"320\"\/><\/div><\/div><div class=\"gutentor-single-item-content\"><p class=\"gutentor-single-item-desc\">Trafic\u00a0<strong>illimit\u00e9<\/strong>..<\/p><\/div><\/div><\/div><\/div><div class=\"gutentor-grid-column grid-lg-4 grid-md-2m3 grid-6\"><div class=\"gutentor-single-item gutentor-image gutentor-single-item-5\"><div class=\"gutentor-single-item-wrap\"><div class=\"gutentor-single-item-image-box\"><div class=\"gutentor-image-thumb\"><img loading=\"lazy\" decoding=\"async\" class=\"normal-image\" src=\"https:\/\/srtcom.com\/wp-content\/uploads\/2022\/11\/certificat-ssl.png\" alt=\"\" height=\"140\" width=\"320\"\/><\/div><\/div><div class=\"gutentor-single-item-content\"><p class=\"gutentor-single-item-desc\"><strong>Certificat SSL<\/strong> grautit<\/p><\/div><\/div><\/div><\/div><\/div><\/div><\/section><section id=\"section-c7437f63-823a-4d50-b55e-d7eb4d3cfca4\" class=\"wp-block-gutentor-advanced-columns gutentor-section gutentor-advanced-columns has-color-bg has-custom-bg\"><div class=\"grid-container\"><div class=\"grid-row\"><div id=\"section-815b6998-6a17-4667-b16a-a2e258c34549\" class=\"wp-block-gutentor-single-column gutentor-single-column  grid-lg-12 grid-md-12 grid-12\"><section id=\"section-1199f819-3c75-4c43-b70a-d4d8c31655b6\" class=\"wp-block-gutentor-advanced-columns gutentor-section gutentor-advanced-columns\"><div class=\"grid-container\"><div class=\"grid-row\"><section id=\"section-d7f2d475-6a96-4c8b-9456-2ce53197ed29\" class=\"wp-block-gutentor-single-column gutentor-single-column  grid-lg-12 grid-md-12 grid-12\"><ul class=\"has-medium-font-size wp-block-list\"><li><strong>Vous \u00eates \u00e0 la recherche d&rsquo;un h\u00e9bergement web pour entreprise et d&rsquo;un service support de haute qualit\u00e9 ?<\/strong><\/li><\/ul><\/section><\/div><\/div><\/section><\/div><\/div><\/div><\/section><section id=\"section-8faa30b6-63ed-4ebf-8f11-333711272dc2\" class=\"wp-block-gutentor-pricing gutentor-section pricing-wrapper pricing-template1 has-color-bg has-custom-bg\"><div class=\"grid-container\"><div class=\"grid-row gutentor-grid-item-wrap\"><div class=\"gutentor-grid-column grid-lg-4 grid-md-4 grid-12\"><div class=\"gutentor-single-item pricing gutentor-single-item-0\"><div class=\"gutentor-single-item-content\"><div class=\"pricing-header\"><h3 class=\"gutentor-single-item-title\">Plan entreprise 5Go<\/h3><\/div><span class=\"pricing-amount-wrap\"><span class=\"pricing-amount\"><span class=\"pricing-price\">22 800 <\/span><span class=\"gutentor-single-item-pricing-package\">DA\/AN<\/span><\/span><\/span><div class=\"pricing-content\"><p class=\"gutentor-single-item-desc\">Espace disque : 5GO<br>Support technique mail : Gratuit.<br>Transfert \/ Mois : Illimit\u00e9<br>Comptes FTP : Illimit\u00e9.<br>Frais nom de domaine : Gratuit<br>Frais d&rsquo;installation: Gratuit.<br>Adresses e-mails: Illimit\u00e9<\/p><\/div><a class=\"gutentor-button gutentor-single-item-button gutentor-icon-hide\" href=\"#\"><i class=\"gutentor-button-icon fas fa-book\"><\/i><span>Commander<\/span><\/a><\/div><\/div><\/div><div class=\"gutentor-grid-column grid-lg-4 grid-md-4 grid-12\"><div class=\"gutentor-single-item pricing gutentor-single-item-1\"><div class=\"gutentor-single-item-content\"><div class=\"pricing-header\"><h3 class=\"gutentor-single-item-title\">Plan entreprise 10Go<\/h3><\/div><span class=\"pricing-amount-wrap\"><span class=\"pricing-amount\"><span class=\"pricing-price\">34 800 <\/span><span class=\"gutentor-single-item-pricing-package\">DA\/AN<\/span><\/span><\/span><div class=\"pricing-content\"><p class=\"gutentor-single-item-desc\">Espace disque : 10GO<br>Support technique mail : Gratuit.<br>Transfert \/ Mois : Illimit\u00e9<br>Comptes FTP : Illimit\u00e9.<br>Frais nom de domaine : Gratuit<br>Frais d&rsquo;installation: Gratuit.<br>Adresses e-mails: Illimit\u00e9<\/p><\/div><a class=\"gutentor-button gutentor-single-item-button gutentor-icon-hide\" href=\"#\"><i class=\"gutentor-button-icon fas fa-book\"><\/i><span>Commander<\/span><\/a><\/div><\/div><\/div><div class=\"gutentor-grid-column grid-lg-4 grid-md-4 grid-12\"><div class=\"gutentor-single-item pricing gutentor-single-item-2\"><div class=\"gutentor-single-item-content\"><div class=\"pricing-header\"><h3 class=\"gutentor-single-item-title\">Plan entreprise 25Go<\/h3><\/div><span class=\"pricing-amount-wrap\"><span class=\"pricing-amount\"><span class=\"pricing-price\">72 000 <\/span><span class=\"gutentor-single-item-pricing-package\">DA\/AN<\/span><\/span><\/span><div class=\"pricing-content\"><p class=\"gutentor-single-item-desc\">Espace disque : 25GO<br>Support technique mail : Gratuit.<br>Transfert \/ Mois : Illimit\u00e9<br>Comptes FTP : Illimit\u00e9.<br>Frais nom de domaine : Gratuit<br>Frais d&rsquo;installation: Gratuit.<br>Adresses e-mails: Illimit\u00e9<\/p><\/div><a class=\"gutentor-button gutentor-single-item-button gutentor-icon-hide\" href=\"#\"><i class=\"gutentor-button-icon fas fa-book\"><\/i><span>Commander<\/span><\/a><\/div><\/div><\/div><div class=\"gutentor-grid-column grid-lg-4 grid-md-4 grid-12\"><div class=\"gutentor-single-item pricing gutentor-single-item-3\"><div class=\"gutentor-single-item-content\"><div class=\"pricing-header\"><h3 class=\"gutentor-single-item-title\">Plan entreprise 50Go<\/h3><\/div><span class=\"pricing-amount-wrap\"><span class=\"pricing-amount\"><span class=\"pricing-price\">115 500 <\/span><span class=\"gutentor-single-item-pricing-package\">DA\/AN<\/span><\/span><\/span><div class=\"pricing-content\"><p class=\"gutentor-single-item-desc\">Espace disque : 50GO<br>Support technique mail : Gratuit.<br>Transfert \/ Mois : Illimit\u00e9<br>Comptes FTP : Illimit\u00e9.<br>Frais nom de domaine : Gratuit<br>Frais d&rsquo;installation: Gratuit.<br>Adresses e-mails: Illimit\u00e9<\/p><\/div><a class=\"gutentor-button gutentor-single-item-button gutentor-icon-hide\" href=\"https:\/\/srtcom.com\/plan-entreprise\/\"><i class=\"gutentor-button-icon fas fa-book\"><\/i><span>Commander<\/span><\/a><\/div><\/div><\/div><div class=\"gutentor-grid-column grid-lg-4 grid-md-4 grid-12\"><div class=\"gutentor-single-item pricing gutentor-single-item-4\"><div class=\"gutentor-single-item-content\"><div class=\"pricing-header\"><h3 class=\"gutentor-single-item-title\">Plan entreprise 100Go<\/h3><\/div><span class=\"pricing-amount-wrap\"><span class=\"pricing-amount\"><span class=\"pricing-price\">155 800 <\/span><span class=\"gutentor-single-item-pricing-package\">DA\/AN<\/span><\/span><\/span><div class=\"pricing-content\"><p class=\"gutentor-single-item-desc\">Espace disque : 100GO.<br>Support technique mail : Gratuit.<br>Transfert \/ Mois : Illimit\u00e9<br>Comptes FTP : Illimit\u00e9.<br>Frais nom de domaine : Gratuit<br>Frais d&rsquo;installation: Gratuit.<br>Adresses e-mails: Illimit\u00e9<\/p><\/div><a class=\"gutentor-button gutentor-single-item-button gutentor-icon-hide\" href=\"https:\/\/srtcom.com\/plan-entreprise\/\"><i class=\"gutentor-button-icon fas fa-book\"><\/i><span>Commander<\/span><\/a><\/div><\/div><\/div><div class=\"gutentor-grid-column grid-lg-4 grid-md-4 grid-12\"><div class=\"gutentor-single-item pricing gutentor-single-item-5\"><div class=\"gutentor-single-item-content\"><div class=\"pricing-header\"><h3 class=\"gutentor-single-item-title\">Plan entreprise 200GO<\/h3><\/div><span class=\"pricing-amount-wrap\"><span class=\"pricing-amount\"><span class=\"pricing-price\">210 000 <\/span><span class=\"gutentor-single-item-pricing-package\">DA\/AN<\/span><\/span><\/span><div class=\"pricing-content\"><p class=\"gutentor-single-item-desc\">Espace disque : 200GO.<br>Support technique mail : Gratuit.<br>Transfert \/ Mois : Illimit\u00e9<br>Comptes FTP : Illimit\u00e9.<br>Frais nom de domaine : Gratuit<br>Frais d&rsquo;installation: Gratuit.<br>Adresses e-mails: Illimit\u00e9<\/p><\/div><a class=\"gutentor-button gutentor-single-item-button gutentor-icon-hide\" href=\"https:\/\/srtcom.com\/plan-entreprise\/\"><i class=\"gutentor-button-icon fas fa-book\"><\/i><span>Commander<\/span><\/a><\/div><\/div><\/div><\/div><\/div><\/section><section id=\"section-1e33908d-1b1d-4db9-a9bf-fd1802df4012\" class=\"wp-block-gutentor-icon-box gutentor-section gutentor-icon-wrapper icon-template1 has-color-bg has-custom-bg\"><div class=\"grid-container\"><div class=\"grid-row gutentor-grid-item-wrap\"><div class=\"gutentor-grid-column grid-lg-12 grid-md-6 grid-12\"><div class=\"gutentor-single-item gutentor-icon gutentor-single-item-0\"><div class=\"gutentor-single-item-wrap\"><div class=\"gutentor-single-item-icon-box\"><i class=\"fas fa-check-circle\"><\/i><\/div><div class=\"gutentor-single-item-content\"><h3 class=\"gutentor-single-item-title\">Possibilit\u00e9s suppl\u00e9mentaires :<\/h3><p class=\"gutentor-single-item-desc\">-Adresse IP suppl\u00e9mentaire de messagerie <br><\/p><\/div><\/div><\/div><\/div><\/div><\/div><\/section><section id=\"section-72b8e7bb-ce8e-4e1a-aa83-95a311f2038d\" class=\"wp-block-gutentor-advanced-columns gutentor-section gutentor-advanced-columns has-color-bg has-custom-bg\"><div class=\"grid-container\"><div class=\"grid-row\"><div id=\"section-a4b60b0b-d3b3-4e64-8724-921e692933d3\" class=\"wp-block-gutentor-single-column gutentor-single-column  grid-lg-12 grid-md-12 grid-12\"><section id=\"section-4bb732fd-6a49-4195-86c9-2622a06ff3d4\" class=\"wp-block-gutentor-advanced-columns gutentor-section gutentor-advanced-columns\"><div class=\"grid-container\"><div class=\"grid-row\"><section id=\"section-31c0fd20-c0b2-4b21-aa62-f47fab4f543d\" class=\"wp-block-gutentor-single-column gutentor-single-column  grid-lg-12 grid-md-12 grid-12\"><h2 class=\"wp-block-heading\"><em>      Options suppl\u00e9mentaires pour le Plan entreprise 50Go :<\/em><\/h2>\n\n<ul class=\"wp-block-list\"><li>Pas de frais cach\u00e9s, le nom de domaine est inclus avec chaque offre.<\/li>\n\n<li>Comptes activ\u00e9s et op\u00e9rationnels en moins de 24h apr\u00e8s la commande.<\/li>\n\n<li>Sauvegarde mensuelle des fichiers du site.<\/li>\n\n<li>Assistance technique gratuite 5j\/7 via mail.<\/li>\n\n<li>Aide \u00e0 la mise en ligne de votre site.<\/li>\n\n<li>Possibilit\u00e9 de R\u00e9alisation de votre Site sans vous d\u00e9placer.<\/li>\n\n<li>Possibilit\u00e9 de commander et d\u2019activer votre compte sans se d\u00e9placer. (Nos services sont aussi accessibles aux clients hors d\u2019Alger)<\/li><\/ul><\/section><\/div><\/div><\/section><\/div><\/div><\/div><\/section>","protected":false},"excerpt":{"rendered":"","protected":false},"author":1,"featured_media":0,"parent":0,"menu_order":0,"comment_status":"closed","ping_status":"closed","template":"template-gutentor-full-width.php","meta":{"footnotes":""},"class_list":["post-457","page","type-page","status-publish","hentry"],"jetpack_sharing_enabled":true,"_links":{"self":[{"href":"https:\/\/srtcom.com\/index.php?rest_route=\/wp\/v2\/pages\/457","targetHints":{"allow":["GET"]}}],"collection":[{"href":"https:\/\/srtcom.com\/index.php?rest_route=\/wp\/v2\/pages"}],"about":[{"href":"https:\/\/srtcom.com\/index.php?rest_route=\/wp\/v2\/types\/page"}],"author":[{"embeddable":true,"href":"https:\/\/srtcom.com\/index.php?rest_route=\/wp\/v2\/users\/1"}],"replies":[{"embeddable":true,"href":"https:\/\/srtcom.com\/index.php?rest_route=%2Fwp%2Fv2%2Fcomments&post=457"}],"version-history":[{"count":35,"href":"https:\/\/srtcom.com\/index.php?rest_route=\/wp\/v2\/pages\/457\/revisions"}],"predecessor-version":[{"id":2213,"href":"https:\/\/srtcom.com\/index.php?rest_route=\/wp\/v2\/pages\/457\/revisions\/2213"}],"wp:attachment":[{"href":"https:\/\/srtcom.com\/index.php?rest_route=%2Fwp%2Fv2%2Fmedia&parent=457"}],"curies":[{"name":"wp","href":"https:\/\/api.w.org\/{rel}","templated":true}]}}